{"id":63,"date":"2025-12-03T23:03:07","date_gmt":"2025-12-03T22:03:07","guid":{"rendered":"https:\/\/www.ttsv68.fr\/?page_id=63"},"modified":"2026-03-22T16:12:55","modified_gmt":"2026-03-22T15:12:55","slug":"actu-promo-noel","status":"publish","type":"page","link":"https:\/\/www.ttsv68.fr\/index.php\/actu-promo-noel\/","title":{"rendered":"ACTUS"},"content":{"rendered":"\t\t<div data-elementor-type=\"wp-page\" data-elementor-id=\"63\" class=\"elementor elementor-63\">\n\t\t\t\t<div class=\"elementor-element elementor-element-7195b54e e-flex e-con-boxed e-con e-parent\" data-id=\"7195b54e\" data-element_type=\"container\">\n\t\t\t\t\t<div class=\"e-con-inner\">\n\t\t\t\t<div class=\"elementor-element elementor-element-94bf17b elementor-widget elementor-widget-text-editor\" data-id=\"94bf17b\" data-element_type=\"widget\" data-widget_type=\"text-editor.default\">\n\t\t\t\t<div class=\"elementor-widget-container\">\n\t\t\t\t\t\t\t\t\t\n<p class=\"has-medium-font-size\">Voila 2026 est la&#8230; Pensez \u00e0 venir tester et vous entrainer.<\/p>\n\n<p class=\"has-medium-font-size\">S\u00e9ances adapt\u00e9es selon votre niveau et selon votre d\u00e9sir de progression<\/p>\n\n<p class=\"has-medium-font-size\">Une bonne solution pour se faire plaisir sans limite de munitions<\/p>\n\n<p class=\"has-medium-font-size\">N&rsquo;h\u00e9sitez pas \u00e0 me contacter pour plus d\u2019informations et r\u00e9server votre cr\u00e9neau.<\/p>\n\n<p class=\"has-medium-font-size\">Les modules de r\u00e9servation en ligne et paiement en ligne arrivent&#8230;<\/p>\n\n<p>A BIENTOT.<\/p>\n\t\t\t\t\t\t\t\t<\/div>\n\t\t\t\t<\/div>\n\t\t\t\t\t<\/div>\n\t\t\t\t<\/div>\n\t\t<div class=\"elementor-element elementor-element-15a026a e-grid e-con-boxed e-con e-parent\" data-id=\"15a026a\" data-element_type=\"container\">\n\t\t\t\t\t<div class=\"e-con-inner\">\n\t\t\t\t<div class=\"elementor-element elementor-element-b999dca elementor-widget elementor-widget-image\" data-id=\"b999dca\" data-element_type=\"widget\" data-widget_type=\"image.default\">\n\t\t\t\t<div class=\"elementor-widget-container\">\n\t\t\t\t\t\t\t\t\t\t\t\t\t\t\t<img fetchpriority=\"high\" decoding=\"async\" width=\"660\" height=\"426\" src=\"https:\/\/www.ttsv68.fr\/wp-content\/uploads\/2026\/03\/IMG_20260317_150136-1024x661.jpg\" class=\"attachment-large size-large wp-image-182\" alt=\"\" srcset=\"https:\/\/www.ttsv68.fr\/wp-content\/uploads\/2026\/03\/IMG_20260317_150136-1024x661.jpg 1024w, https:\/\/www.ttsv68.fr\/wp-content\/uploads\/2026\/03\/IMG_20260317_150136-300x194.jpg 300w, https:\/\/www.ttsv68.fr\/wp-content\/uploads\/2026\/03\/IMG_20260317_150136-768x496.jpg 768w, https:\/\/www.ttsv68.fr\/wp-content\/uploads\/2026\/03\/IMG_20260317_150136-350x226.jpg 350w, https:\/\/www.ttsv68.fr\/wp-content\/uploads\/2026\/03\/IMG_20260317_150136.jpg 1171w\" sizes=\"(max-width: 660px) 100vw, 660px\" \/>\t\t\t\t\t\t\t\t\t\t\t\t\t\t\t<\/div>\n\t\t\t\t<\/div>\n\t\t\t\t\t<\/div>\n\t\t\t\t<\/div>\n\t\t\t\t<\/div>\n\t\t","protected":false},"excerpt":{"rendered":"<p>Voila 2026 est la&#8230; Pensez \u00e0 venir tester et vous entrainer. S\u00e9ances adapt\u00e9es selon votre niveau et selon votre d\u00e9sir de progression Une bonne solution pour se faire plaisir sans limite de munitions N&rsquo;h\u00e9sitez pas \u00e0 me contacter pour plus d\u2019informations et r\u00e9server votre cr\u00e9neau. Les modules de r\u00e9servation en ligne et paiement en ligne &hellip; <a href=\"https:\/\/www.ttsv68.fr\/index.php\/actu-promo-noel\/\" class=\"more-link\">Continuer la lecture de <span class=\"screen-reader-text\">ACTUS<\/span><\/a><\/p>\n","protected":false},"author":2,"featured_media":0,"parent":0,"menu_order":0,"comment_status":"closed","ping_status":"closed","template":"","meta":{"footnotes":""},"class_list":["post-63","page","type-page","status-publish","hentry"],"jetpack_sharing_enabled":true,"_links":{"self":[{"href":"https:\/\/www.ttsv68.fr\/index.php\/wp-json\/wp\/v2\/pages\/63","targetHints":{"allow":["GET"]}}],"collection":[{"href":"https:\/\/www.ttsv68.fr\/index.php\/wp-json\/wp\/v2\/pages"}],"about":[{"href":"https:\/\/www.ttsv68.fr\/index.php\/wp-json\/wp\/v2\/types\/page"}],"author":[{"embeddable":true,"href":"https:\/\/www.ttsv68.fr\/index.php\/wp-json\/wp\/v2\/users\/2"}],"replies":[{"embeddable":true,"href":"https:\/\/www.ttsv68.fr\/index.php\/wp-json\/wp\/v2\/comments?post=63"}],"version-history":[{"count":13,"href":"https:\/\/www.ttsv68.fr\/index.php\/wp-json\/wp\/v2\/pages\/63\/revisions"}],"predecessor-version":[{"id":257,"href":"https:\/\/www.ttsv68.fr\/index.php\/wp-json\/wp\/v2\/pages\/63\/revisions\/257"}],"wp:attachment":[{"href":"https:\/\/www.ttsv68.fr\/index.php\/wp-json\/wp\/v2\/media?parent=63"}],"curies":[{"name":"wp","href":"https:\/\/api.w.org\/{rel}","templated":true}]}}